 -k + 5. Let l be s(4). Let r(c) = -l - c - 3*c + 3*c. Let z = 10 + -16. Calculate r(z).
5
Let x(q) be the third derivative of -q**4/24 + q**3/6 - 11*q**2. Suppose -3*h = 5*u + 20, -4*u = 5*h - u + 12. What is x(h)?
1
Let a(h) = -4*h. Let n(d) = -11*d + 1. Let u(s) = 8*a(s) - 3*n(s). What is u(0)?
-3
Let d(w) = 3*w + 1. Let j be (40/70)/(1/7). Suppose 2*v + 2*g + 20 = 0, v - j*g + g - 6 = 0. Let x be ((-4)/6)/(v/9). Calculate d(x).
4
Let o(q) = -q + 4. Let h = -55 - -109. Let j be (-1)/4 - h/(-24). Calculate o(j).
2
Let v(q) = q**3 + 3*q**2 - q - 1. Let m(y) = -6*y - 1. Let w be m(1). Let u = -10 - w. What is v(u)?
2
Let y be (5 - 1)*(3 + -1 + -1). Let h(f) = -f. Let t(z) = 3*z + 2. Let p(b) = -4*h(b) - t(b). What is p(y)?
2
Let b(a) be the second derivative of -a**5/20 - 7*a**4/12 - 2*a**3/3 + 3*a**2 - 11*a. Give b(-6).
-6
Let j(r) = 4*r - 2 + 7*r - 7 - 13*r. Suppose 3*h - 4 = 2*f - 26, 2*h + 4*f = -4. Determine j(h).
3
Let f = -18 - -17. Let p(z) = -4*z**3. Determine p(f).
4
Let b(p) = p**3 - 15*p**2 - 16*p + 2. Let o be b(16). Let i(t) = 2*t + 5*t + 0*t**2 + 7 + 5*t**2 - 4*t**o. Give i(-6).
1
Let q(p) = -2*p - 3. Suppose -3*l - l + 8 = 0. Suppose -5*b + 45 = -5*u, -3*u - b - l = 5. Let g = u + 2. What is q(g)?
1
Let i(s) = 0 - s**2 + 3*s + 5 + 0. Let t = -1 - -6. Give i(t).
-5
Let y(a) = 6*a + 3*a**2 + a**2 - 1 + 0. Let x(h) = 4*h**2 + 5*h - 1. Let m(g) = 6*x(g) - 5*y(g). Let l be (2 - 5 - 0) + 2. Determine m(l).
3
Let p(t) = t + 4 + t - 2 + 3*t**3 - 5*t**2 - 4*t**3. Calculate p(-5).
-8
Let z = -114 + 112. Let i(c) = -c**3 - 3*c**2 - 2*c - 1. What is i(z)?
-1
Let i(d) = -d**2 - 4*d + 3. Suppose -2*a = -a. Suppose -m - 9 = -2*s + 3*s, -5*s + 5*m - 5 = a. Give i(s).
-2
Let h(v) = -3*v**2 - v - 5*v**3 + 3*v**2. Suppose -3*w + 1 + 2 = 0. Suppose 5*k - 4 - w = 0. Give h(k).
-6
Suppose -5*k = 2*o - 0*o + 15, -5*o = -4*k + 21. Let g(i) = -3 + 2 + 4*i**3 - 2*i**2 - 2*i + 5*i**3. Calculate g(k).
-10
Let d(t) = -t + t**2 - 1 - 2*t**2 - 4*t**2. Determine d(-1).
-5
Let i(f) = -f**2 + 8*f - 9. Let s be i(6). Let c(l) = 2*l**2 + 1 + 0*l - l**3 - 2*l + 3*l**s. Determine c(1).
3
Let n(u) = u**2 + 6*u + 9. Let v be n(-8). Suppose -f + 29 = 5*c + 4, 3*f = 5*c - v. Suppose f = g - 1 + 2. Let r(z) = 4*z**3 + 2*z + 1. Determine r(g).
-5
Let s = -27 + 42. Let j(t) = 14*t - 2 + 1 - s*t - 1. Determine j(-6).
4
Let c(p) = -p**3 - 9*p**2 + 17*p**2 + 10*p - 11 - p**2. Give c(8).
5
Let c(w) = -w**2 - 5*w. Let f(g) = -g - 8. Let z be f(-6). Let l be -1 + 3 - 3*z. Suppose -h + 2*u = l, h - u = -2*u - 2. Determine c(h).
4
Let y(s) = -3*s**2 + 10*s + 1. Let b(u) = -2*u**2 + 9*u. Let o(a) = 4*b(a) - 3*y(a). Give o(-7).
4
Let l(a) = 7*a - 30. Let k be l(5). Let s(b) = b. What is s(k)?
5
Suppose 0*n - 12 = -3*n. Suppose 0 = n*o - 0*o. Let b be (-4)/6*-3 + o. Let w(f) = f**3 - 2*f**2 + 2*f - 2. What is w(b)?
2
Let s(l) be the first derivative of -l**4/4 + 5*l**3/3 + 7*l**2/2 + 3. What is s(6)?
6
Suppose 0 = -3*p - 4*w - 8, 0 = 4*p - 4*w - 58 + 22. Let o(k) = -6*k**2 + 7*k. Let c(g) = -13*g**2 + 14*g + 1. Let s(h) = 4*c(h) - 9*o(h). Calculate s(p).
8
Let r(j) be the third derivative of j**9/60480 - j**8/6720 - j**7/1260 - j**6/144 + j**5/60 + 8*j**2. Let b(g) be the third derivative of r(g). Give b(4).
-5
Let c(n) = 2*n + 2. Suppose 4*h - 8*h + 2*t - 30 = 0, -3*h = -2*t + 23. Let d(i) = -i**2 - 8*i - 9. Let f be d(-6). Let k = h + f. Calculate c(k).
-6
Let z(d) = -d**3 + d**2 - 4. Let p = 0 - -2. Suppose -2*v + 10 = 3*k, -p*v + 6*v - 20 = 0. Calculate z(k).
-4
Let r(j) = 8*j + 3. Suppose 2*d = -4*x - 7 + 1, 5*d = 2*x + 21. Determine r(x).
-21
Let k(d) = d**2 + 2*d - 2. Let n be (3 + 2 + -2)*-1. Let q be k(n). Let w(l) = l**2. Let j(v) = -4*v**2 + v. Let z(p) = j(p) + 2*w(p). What is z(q)?
-1
Suppose 0 = -3*w + 44 - 62. Let s(q) = q - 6. Calculate s(w).
-12
Let c(x) = x**2 + 7*x + 7. Suppose -o + 4 = 5*p, -2*o + 1 = 4*p + 5. Give c(o).
1
Let z(x) be the first derivative of x**2 - x + 4. Suppose k + 4 = -k. Give z(k).
-5
Let h = 51 + -32. Suppose 0 = -4*a - 1 - h. Let n(f) = -f - 1. What is n(a)?
4
Let f = 1 + -3. Let g(t) = -4 - t + 4*t + 2. Let y(d) = -5*d + 3. Let q(r) = -8*g(r) - 5*y(r). Determine q(f).
-1
Let z(v) = v**2 + 8*v - 10. Let s be (-104)/14 + (-3)/(-7) + 0. Determine z(s).
-17
Let b(r) be the first derivative of r**4/4 - 2*r**3/3 - 3*r**2/2 + 2*r - 1. Let x = 10 - 9. Let k be (-18)/(-30)*5/x. Give b(k).
2
Let p be 1*3*(-1 - -2). Let w(t) = p*t**2 - 4*t**2 - 9*t - 6 + 2*t. Suppose 0 = -j + 2 - 7. What is w(j)?
4
Let x = 49 + -46. Let m(z) = 0*z - 3 - z + 2*z. Determine m(x).
0
Let d(o) = o**2 + 2*o + 6. Suppose -3*i + 0*i - h - 5 = 0, i + 4*h = -20. Let a be d(i). Let v(m) = m - 4. What is v(a)?
2
Let o = -56 + 55. Let c(a) = 10*a**2 - 4*a + 1 + 4*a. Give c(o).
11
Suppose 4 = 3*g + 5*r, -5*g + 3*r = -11 - 7. Let x(i) be the first derivative of 2 - i + 5/2*i**2 - 1/3*i**g. Give x(5).
-1
Let m(w) be the third derivative of w**4/8 - w**3/2 - 2*w**2 + 1. What is m(2)?
3
Let w = 1 - 0. Let z(b) = b - 1 - 3*b**2 - 1 + w. Let k(o) = -o + 7. Let c be k(6). Calculate z(c).
-3
Let j(u) = -2*u**3 + u**2 - 1. Let c(k) = k**2 + 16*k + 16. Let v be c(-13). Let t = v - -24. Give j(t).
-2
Let b(j) = -j - 2. Let k(w) be the second derivative of -2*w**3/3 - 4*w**2 - w. Let i(q) = 22*b(q) - 6*k(q). Give i(-3).
-2
Let v be 16/(-88) + 92/22. Let w(k) = 2*k - 1. Calculate w(v).
7
Let j(l) = -2*l**2 + 7*l + 3. Let i(o) = -o**2 + 6*o + 2. Let y(n) = -5*i(n) + 4*j(n). Calculate y(-2).
-6
Suppose j - 23 = -3*k - 21, 3*j = k - 14. Let m be 38/14 - (-4)/14. Let d(a) = -3 - 2*a + 4 + 4*a - m*a**2. Determine d(k).
-7
Let o(l) = 3*l**2 - 4*l + 2. Let s be o(2). Let i = s + -7. Let z(h) = -4*h + 1. Determine z(i).
5
Let v(i) be the first derivative of -i**2/2 + 8*i - 25. Calculate v(4).
4
Let w(g) = -6*g**3 - g**2 - g. Suppose 4*m + 9 = 3*r, -r - 27 = 2*m + 2*r. Suppose 20 - 1 = 2*n - 3*t, 5*n = -4*t + 13. Let z = m + n. What is w(z)?
6
Let a(m) be the first derivative of 5 - 3*m - 2/3*m**3 + 3/2*m**2. Calculate a(2).
-5
Suppose 4*c + 4*j + 26 = 6, -2*c + 3*j + 5 = 0. Let i = -2 + 2. Let t(a) = -2*a**2 - a + 2 - a**2 + i. Calculate t(c).
-8
Let l(m) = 5*m**3 + 2*m**2 + 3*m - 1. Let q(a) = -a**3 + a**2 + a. Let x(r) = l(r) + 4*q(r). Calculate x(-5).
-11
Let p(o) be the second derivative of -2*o**4/3 + 5*o**3/6 - 5*o. Let q(h) = -17*h**2 + 11*h. Let t(r) = 13*p(r) - 6*q(r). Calculate t(1).
-3
Let v = 9 + -6. Let f(t) = -v*t + 2*t - 3*t + 5*t + 2. What is f(-5)?
-3
Let g(a) = 3*a - 40. Let c be g(14). Let u(z) = -4*z**2 + 3*z - 2. Determine u(c).
-12
Suppose 2 - 5 = -t. Suppose t*w - 5 + 2 = 0. Let n(z) = -2*z. Determine n(w).
-2
Let f(m) = -9*m**2 + 1. Suppose 4*k + 5*l - 37 = 0, -k = 4*k + l - 20. Let z(u) = -u**2 + 4*u - 2. Let p be z(k). Give f(p).
-8
Let t = -4 + 5. Let m(z) = -t - 2 + 0*z - z + 1. Calculate m(-4).
2
Let s = 3 + 0. Let h(f) = s*f - 4*f - 1 - 6. Give h(-5).
-2
Let u(h) be the second derivative of h**4/12 + 2*h**3/3 - 2*h**2 - 3*h. Let z be u(-4). Let n(w) = -3*w + 0*w - 5*w**2 + 2 - w**3 - 1. Calculate n(z).
-3
Let a(w) = w**2 + 2*w + 2. Let u(k) = -k - 7. Let s = -8 + 6. Let q be (-3 - -2)*(7 + s). Let v be u(q). Calculate a(v).
2
Let s(k) = -k - 2. Let w(o) = -o**3 - 7*o**2 - 5*o + 5. Let z be w(-6). Let g be z/(-4) + (-5)/4. Let j be g*(-2 + 5 + 1). Calculate s(j).
2
Suppose 20 = 3*o + 2*o. Suppose -5*g + 2*m + 2 = 0, -o*g + m + 4*m = 12. Let r(l) = -l**g + 0 + 2 + 0. Give r(-3).
-7
Let v(i) = i**2 - 4*i - 5. Suppose 7*a + 133 = -35. Let l be 30/(14/(-6) + 2). Let u be l/a + 2/8. What is v(u)?
-5
Let q(o) = -o. Let c be 12/10 - 6/30. Let t = c + 0. What is q(t)?
-1
Let p be -1 - 21/(-14)*(7 + -1). Let m(v) = -v**3 + 9*v**2 - 8*v + 12. What is m(p)?
12
Let i(p) = 2 - 1 - 3 - 6*p - p**2. Let h be (-1*1)/(4/(-8)). Suppose -2*n - 5*v = h*n + 35, 5*v = 2*n - 5. Calculate i(n).
3
Let m = 30 + -21. Let u = m + -8. Let q(i) = 4*i**2 + 6*i + 4. Let x(c) = 5*c**2 + 5*c + 3. Let y(p) = -4*q(p) + 5*x(p). Determine y(u).
9
Let i(g) = -24*g + 19. Let b(t) = -4*t + 3. Let u(v) = -34*b(v) + 6*i(v). Let z(l) = 9*l - 13. Let x(n) = 6*u(n) + 5*z(n). Give x(5).
-8
Suppose -5*r - 1 - 9 = 0. Let l = r - 3. Let a(s) = 2 + s**2 + 1 - 2 + 4*s. What is a(l)?
6
Let x(n) = -2*n + 3*n + 13*n**2 + 1